.
-717
Let l(a) = -2*a**3 - 364*a**2 - 789*a - 12422. Calculate l(-180).
-2
Let a(n) = 12*n**2 + 499*n - 10553. Give a(-57).
-8
Let y(t) = 46*t**2 + 3822*t + 336. Determine y(-83).
4
Let z(b) = 323*b**3 + 7*b + 20. What is z(0)?
20
Let r(z) = 5*z**3 - 45*z**2 + 73*z - 285. Calculate r(8).
-21
Let t(r) = -4*r**3 - 324*r**2 - 630*r + 41. Calculate t(-2).
37
Let h(i) = 14*i**2 + 1034*i - 18845. Calculate h(-89).
23
Let h(i) = -i**2 - 4140*i + 209486. Determine h(50).
-14
Let l(r) = 2*r**2 - 2637*r - 18548. Determine l(-7).
9
Let o(j) = 17126*j + 1798224. Determine o(-105).
-6
Let s(c) = -717*c**2 - 578*c + 5. Determine s(-1).
-134
Let b(j) = 2*j**3 + 21*j**2 + 44*j + 47. Determine b(-10).
-293
Let y(a) = -2015*a + 8044. Give y(4).
-16
Let v(y) = 16*y - 546. Determine v(-21).
-882
Let d(i) = 3*i**3 + 29*i**2 + 8*i + 205. Calculate d(-12).
-899
Let p(x) = -x**2 - 3607*x - 32340. Calculate p(-9).
42
Let g(t) = -274*t**2 - 196*t + 199. Determine g(1).
-271
Let t(b) = -2*b**3 + 154*b**2 - 7*b + 535. Give t(77).
-4
Let a(j) = -21*j**2 - 67*j - 310. What is a(-7)?
-870
Let b(u) = 372*u**2 + 3877*u + 1563. Give b(-10).
-7
Let d(n) = -n**3 - 893*n**2 - 1557*n + 990566. What is d(-890)?
-4
Let i(t) = -26648*t + 453040. What is i(17)?
24
Let v(w) = -8*w**2 + 698*w + 190. What is v(87)?
364
Let z(y) = -y**2 - 84*y + 355. What is z(-106)?
-1977
Let r(f) = -1833*f + 295104. Calculate r(161).
-9
Let i(l) = l**3 + 60*l**2 + 456*l - 166. Calculate i(-51).
-13
Let z(o) = -o**3 + 70*o**2 + 156*o - 6103. Give z(71).
-68
Let y(n) = 1121064*n + 6726373. Determine y(-6).
-11
Let u(s) = 2*s**2 - 487*s - 7185. Give u(-14).
25
Let i(d) = -10*d**2 - 169*d - 740. What is i(-10)?
-50
Let q(v) = v**3 - 49*v**2 - 201*v - 541. Give q(53).
42
Let t(q) = 32*q**2 + 4039*q + 794. Determine t(-126).
-88
Let i(p) = -19*p - 461. Determine i(-19).
-100
Let j(z) = -1115*z + 4648. What is j(4)?
188
Let a(p) = -11*p**3 - 49*p**2 + 366*p + 35. Give a(4).
11
Let y(q) = -47*q**2 - 93*q + 19. Determine y(0).
19
Let s(f) = -4*f**3 + 106*f**2 - 56*f - 138. Determine s(26).
-242
Let k(v) = 10*v**3 - 209*v**2 - 108*v + 1788. Calculate k(20).
-3972
Let d(y) = -5293*y - 164062. What is d(-31)?
21
Let v(n) = 6*n**3 + 2591*n**2 - 451*n - 7999. Calculate v(-432).
209
Let c(q) = 1928*q**2 + 856*q - 856. Give c(1).
1928
Let i(x) = 23*x**2 - 996*x - 6949. Determine i(-7).
1150
Let m(s) = 3*s**3 - 51*s**2 + 167*s - 585. Determine m(14).
-11
Let v(x) = 246*x**2 + 7933*x + 128. Give v(-32).
-1824
Let d(t) = -3*t**3 - 214*t**2 - 796*t + 3. Calculate d(-4).
-45
Let t(d) = -d**2 - 443*d - 35960. Give t(-102).
-1178
Let p(g) = 3*g**2 - 457*g - 17688. Determine p(-32).
8
Let q(k) = 2*k**2 - 30*k - 900. What is q(-20)?
500
Let j(n) = -7*n**2 - 108*n + 316. Determine j(3).
-71
Let h(p) = 90*p - 9232. Calculate h(94).
-772
Let p(u) = 32*u**2 + 615*u + 1369. Give p(-15).
-656
Let p(u) = -60*u**2 - 4257*u + 230. What is p(-71)?
17
Let q(j) = j**3 - 334*j**2 + 1732*j - 28621. What is q(329)?
2
Let c(q) = -q**3 + 75*q**2 + 2756*q - 236. Determine c(102).
-32
Let f(a) = -26*a**2 + 585*a - 45. Give f(22).
241
Let u(j) = 81*j**2 - 1210*j + 1209. Give u(1).
80
Let w(r) = 2*r**3 + 236*r**2 - 1483*r + 621. Calculate w(-124).
1
Let o(s) = -396*s - 37082. What is o(-94)?
142
Let o(g) = -91394*g - 4295535. Determine o(-47).
-17
Let l(a) = -1459*a + 17124. What is l(13)?
-1843
Let q(t) = -384*t**3 - 2*t**2 + 3. Give q(-1).
385
Let h(x) = -127*x**2 + 272*x + 5. What is h(-2)?
-1047
Let l(m) = -126*m**2 - 17480*m - 34959. Calculate l(-2).
-503
Let f(y) = -y**3 + 56*y**2 + 22*y - 1115. Calculate f(56).
117
Let r(z) = 241*z - 1864. What is r(7)?
-177
Let p(d) = -6*d**3 + 93*d**2 - 46*d - 30. Determine p(15).
-45
Let x(v) = v**3 - 82*v**2 + 1681*v - 189. Determine x(44).
207
Let q(x) = 25*x**2 - 406*x + 262. Give q(16).
166
Let h(r) = -5443*r + 15071. Calculate h(3).
-1258
Let f(d) = -139*d**2 - 78148*d - 16855. What is f(-562)?
5
Let o(s) = -4473*s + 40299. Determine o(9).
42
Let g(t) = 2*t**3 + 464*t**2 - 1000*t - 14959. What is g(-234)?
17
Let m(i) = 39*i**3 - 13*i**2 - 1167*i + 2396. Determine m(2).
322
Let c(s) = 6*s**3 + 4*s**2 + 732*s + 2186. Give c(-3).
-136
Let z(v) = -11*v**3 + 538*v**2 - 488*v + 382. Give z(48).
-2
Let m(u) = -u**3 - 286*u**2 - 526*u + 11835. Give m(-284).
-93
Let o(t) = -t**2 + 133157*t - 932024. What is o(7)?
26
Let f(h) = -1741*h + 168879. What is f(97)?
2
Let g(d) = -3*d**3 - 60*d**2 - 610*d - 6743. Give g(-16).
-55
Let v(o) = 2*o**2 + 3889*o + 791692. Give v(-231).
55
Let f(c) = -33068*c + 231470. What is f(7)?
-6
Let g(y) = 5044*y - 10131. What is g(2)?
-43
Let n(d) = -149*d**2 - 725*d - 43. Give n(-5).
-143
Let m(r) = -r**2 + 129*r + 5497. Give m(165).
-443
Let t(j) = -6*j**3 + 98*j**2 - 24*j - 141. Determine t(16).
-13
Let w(h) = h**3 - 19*h**2 - 7569*h + 253. Calculate w(97).
-38
Let t(a) = 3339*a + 23434. Calculate t(-7).
61
Let y(z) = z**2 - 30392*z - 304015. Give y(-10).
5
Let z(d) = -4*d**3 - 53*d**2 - 596*d - 5461. What is z(-11)?
6
Let o(w) = 3770*w + 14734. Give o(-4).
-346
Let p(k) = -25*k + 1060. Calculate p(48).
-140
Let t(i) = 17*i**3 - 3704*i**2 - 438*i + 408. Calculate t(218).
-28
Let r(n) = 5*n**3 - 23*n**2 - 254*n + 1281. Calculate r(6).
9
Let w(r) = -3*r**2 + 2497*r + 17561. What is w(-7)?
-65
Let k(j) = j**3 + 4*j**2 + 37*j + 48. Give k(-8).
-504
Let o(w) = -w**2 + 804*w - 69332. Determine o(98).
-144
Let i(d) = 17*d - 1306. What is i(42)?
-592
Let p(t) = -1369*t + 412193. Determine p(301).
124
Let u(f) = 7069*f + 27839. Give u(-4).
-437
Let n(i) = 680*i - 44712. Give n(65).
-512
Let x(a) = -a**2 + 1515*a - 13614. Determine x(9).
-60
Let r(t) = 371*t + 15071. Calculate r(-39).
602
Let t(z) = -7775*z + 401. Determine t(0).
401
Let s(m) = -m**2 - 2574*m + 3144117. Give s(904).
5
Let v(u) = -4*u**3 + 125*u**2 + u - 680. Determine v(31).
312
Let l(y) = -y**3 - 75*y**2 + 372*y + 17. What is l(-80)?
2257
Let w(n) = 10*n**3 - 299*n**2 - 12*n + 31. Calculate w(30).
571
Let p(o) = -o**2 - 910*o + 6416. What is p(7)?
-3
Let t(m) = -929*m + 54132. Determine t(58).
250
Let p(i) = -i**3 + 137*i**2 + 123*i - 505. Give p(138).
-2575
Let x(q) = 232743*q + 1629354. Give x(-7).
153
Let t(z) = 5021*z - 964016. What is t(192)?
16
Let d(p) = -45446*p - 863471. Determine d(-19).
3
Let r(w) = -2185*w + 152961. What is r(70)?
11
Let q(y) = -22*y**2 - 6003*y + 13090. Give q(-275).
165
Let h(y) = 5000*y + 239764. What is h(-48)?
-236
Let g(s) = 996*s + 685. What is g(-2)?
-1307
Let j(w) = -14*w**2 + 146*w + 380. Calculate j(13).
-88
Let n(c) = -4*c**3 + 1030*c**2 - 516*c + 491. Determine n(257).
-23
Let f(i) = 688409*i**2 - 1376801*i - 2. Give f(2).
32
Let k(s) = 145*s - 2208. Determine k(14).
-178
Let r(l) = 15888*l + 190876. Give r(-12).
220
Let q(u) = 4540*u + 26911. Give q(-6).
-329
Let c(h) = h**2 - 304*h + 22126. Calculate c(121).
-17
Let a(n) = n**2 + 11343*n - 787419. Determine a(69).
9
Let u(h) = h**3 - 105*h**2 + 361*h + 8375. Determine u(101).
4032
Let j(t) = -107626*t + 645591. What is j(6)?
-165
Let q(s) = -137*s + 6523. Give q(38).
1317
Let r(v) = v**3 - 58*v**2 + 590*v + 390. Give r(44).
-754
Let x(o) = 5*o**3 + 241*o**2 - 20*o - 2979. What is x(-48)?
285
Let m(q) = -2*q**2 - 110*q + 2159. Calculate m(-73).
-469
Let x(n) = -2*n**3 + 18*n**2 + 6023*n - 60016. Determine x(10).
14
Let a(y) = -838*y + 21104. Determine a(28).
-2360
Let i(g) = -g**2 - 23270*g + 9. Determine i(0).
9
Let l(k) = 15978*k - 48381. Give l(3).
-447
Let p(y) = -2*y**3 - 343*y**2 + 971*y + 17584. Determine p(-174).
10
Let y(m) = -2*m**3 - 293*m**2 - 2473*m - 1. Give y(-9).
-19
Let f(l) = 3*l**3 + 69*l**2 + 128*l + 68. What is f(-21)?
26
Let a(h) = -105006*h - 2940172. Calculate a(-28).
-4
Let i(s) = -2*s**3 + 51*s**2 - 45*s + 1110. What is i(25)?
610
Let n(u) = 4102*u - 274906. Calculate n(67).
-72
Let w(u) = 12863*u**2 - 51483*u + 6. What is w(4)?
-118
Let f(n) = -1081898*n - 3245722. Determine f(-3).
-28
Let k(w) = -2*w**3 - 15*w**2 + 149*w - 126. Determine k(5).
-6
Let p(z) = 875*z + 43722. Calculate p(-50).
-28
Let j(t) = -12524*t + 37037. Calculate j(3).
-535
Let r(c) = -453*c - 8003. What is r(-18)?
151
Let k(n) = -179*n + 20402. Give k(114).
-4
Let u(b) = -b**3 - 76*b**2 - 43*b + 7805. Determine u(-74).
35
Let 